f 823127954?
8
What is the millions digit of 1438312627?
8
What is the millions digit of 361776507?
1
What is the units digit of 465148024?
4
What is the thousands digit of 6775154068?
4
What is the tens digit of 437839906?
0
What is the hundred millions digit of 383962339?
3
What is the hundred thousands digit of 72333312?
3
What is the millions digit of 425621704?
5
What is the units digit of 2955886831?
1
What is the hundred millions digit of 244404805?
2
What is the thousands digit of 2436704239?
4
What is the tens digit of 216264981?
8
What is the hundreds digit of 92915024?
0
What is the hundreds digit of 627443694?
6
What is the hundred thousands digit of 2716989270?
9
What is the thousands digit of 7268678319?
8
What is the thousands digit of 344851919?
1
What is the hundred thousands digit of 2872572?
8
What is the tens digit of 73906317?
1
What is the ten thousands digit of 169647836?
4
What is the billions digit of 1266848659?
1
What is the hundreds digit of 2012937737?
7
What is the tens digit of 340271294?
9
What is the millions digit of 1547069630?
7
What is the tens digit of 110159403?
0
What is the units digit of 367183787?
7
What is the millions digit of 295783326?
5
What is the millions digit of 83912455?
3
What is the hundred thousands digit of 147221995?
2
What is the hundred millions digit of 187867141?
1
What is the billions digit of 2137704872?
2
What is the hundred thousands digit of 30933178?
9
What is the hundreds digit of 78545492?
4
What is the hundred thousands digit of 138192344?
1
What is the ten thousands digit of 1983240834?
4
What is the millions digit of 228994312?
8
What is the millions digit of 707248923?
7
What is the millions digit of 146448125?
6
What is the hundreds digit of 301592216?
2
What is the ten millions digit of 153868881?
5
What is the hundreds digit of 194489559?
5
What is the hundred millions digit of 197254366?
1
What is the thousands digit of 2541563656?
3
What is the thousands digit of 822786568?
6
What is the thousands digit of 155102548?
2
What is the ten thousands digit of 41034516?
3
What is the hundred millions digit of 399129272?
3
What is the hundred thousands digit of 1440404945?
4
What is the hundreds digit of 62710928?
9
What is the thousands digit of 4190129477?
9
What is the thousands digit of 49542712?
2
What is the hundred thousands digit of 49545782?
5
What is the ten thousands digit of 9338631?
3
What is the thousands digit of 226982022?
2
What is the hundred thousands digit of 308789604?
7
What is the hundreds digit of 72607353?
3
What is the units digit of 195222479?
9
What is the hundred thousands digit of 43965165?
9
What is the ten millions digit of 1356293796?
5
What is the tens digit of 44643038?
3
What is the units digit of 212074524?
4
What is the hundreds digit of 92670890?
8
What is the hundreds digit of 582835661?
6
What is the hundred thousands digit of 131711862?
7
What is the hundreds digit of 23899129?
1
What is the millions digit of 2193297301?
3
What is the ten thousands digit of 174254952?
5
What is the tens digit of 969475133?
3
What is the billions digit of 2115332957?
2
What is the ten thousands digit of 166898111?
9
What is the millions digit of 2792504158?
2
What is the billions digit of 2405888469?
2
What is the hundreds digit of 80794084?
0
What is the tens digit of 136951521?
2
What is the hundred thousands digit of 1023691491?
6
What is the units digit of 69982589?
9
What is the units digit of 340002533?
3
What is the hundred thousands digit of 270819474?
8
What is the ten thousands digit of 68632513?
3
What is the hundreds digit of 1030599754?
7
What is the units digit of 106958529?
9
What is the hundred thousands digit of 187472693?
4
What is the ten thousands digit of 82753223?
5
What is the thousands digit of 10458633?
8
What is the millions digit of 37591798?
7
What is the tens digit of 1014428373?
7
What is the hundred millions digit of 439688642?
4
What is the units digit of 308094900?
0
What is the hundreds digit of 32582231?
2
What is the millions digit of 929883352?
9
What is the ten thousands digit of 1547901960?
0
What is the hundred thousands digit of 66812543?
8
What is the ten millions digit of 886205962?
8
What is the millions digit of 1069288617?
9
What is the ten thousands digit of 1106540126?
4
What is the ten thousands digit of 65042558?
4
What is the hundreds digit of 229614917?
9
What is the tens digit of 1954775389?
8
What is the tens digit of 90384094?
9
What is the tens digit of 78978639?
3
What is the hundred thousands digit of 335750927?
7
What is the ten thousands digit of 232222487?
2
What is the tens digit of 84868038?
3
What is the thousands digit of 3540248961?
8
What is the hundreds digit of 1010044342?
3
What is the tens digit of 18795023?
2
What is the tens digit of 873977614?
1
What is the units digit of 10816215?
5
What is the hundred millions digit of 189777140?
1
What is the hundred millions digit of 1137965211?
1
What is the ten millions digit of 61131194?
6
What is the billions digit of 1864338405?
1
What is the units digit of 49988848?
8
What is the units digit of 412075935?
5
What is the ten thousands digit of 56582359?
8
What is the hundreds digit of 217393043?
0
What is the ten millions digit of 141776978?
4
What is the billions digit of 1134948252?
1
What is the tens digit of 33931438?
3
What is the hundred millions digit of 423282555?
4
What is the tens digit of 1901927015?
1
What is the ten thousands digit of 38700711?
0
What is the hundreds digit of 76230969?
9
What is the tens digit of 20731554?
5
What is the hundred thousands digit of 545074406?
0
What is the millions digit of 1454446537?
4
What is the hundred millions digit of 166978871?
1
What is the ten millions digit of 180501639?
8
What is the ten millions digit of 165049201?
6
What is the thousands digit of 121728158?
8
What is the hundred thousands digit of 3039970043?
9
What is the hundreds digit of 112960221?
2
What is the hundreds digit of 7833285115?
1
What is the hundreds digit of 2201720503?
5
What is the ten thousands digit of 742089430?
8
What is the hundred millions digit of 3200554443?
2
What is the tens digit of 1189384809?
0
What is the tens digit of 216702513?
1
What is the hundred thousands digit of 17638390?
6
What is the thousands digit of 36858439?
8
What is the millions digit of 2441251334?
1
What is the hundreds digit of 778334182?
1
What is the ten millions digit of 29243292?
2
What is the hundreds digit of 803521805?
8
What is the hundreds digit of 138482945?
9
What is the hundreds digit of 172325544?
5
What is the hundred thousands digit of 226567041?
5
What is the tens digit of 118150716?
1
What is the ten millions digit of 381416865?
8
What is the hundred millions digit of 192835107?
1
What is the hundred millions digit of 2927735050?
9
What is the millions digit of 474356550?
4
What is the ten millions digit of 159939237?
5
What is the thousands digit of 627514579?
4
What is the hundred millions digit of 202958997?
2
What is the thousands digit of 679575931?
5
What is the ten thousands digit of 41487021?
8
What is the hundreds digit of 55199991?
9
What is the units digit of 7169940?
0
What is the units digit of 689898019?
9
What is the thousands digit of 9211602?
1
What is the units digit of 2296627111?
1
What is the hundreds digit of 2253879195?
1
What is the hundred thousands digit of 1271264961?
2
What is the hundreds digit of 5243729948?
9
What is the billions digit of 4072211517?
4
What is the millions digit of 1023269584?
3
What is the ten millions digit of 1562336514?
6
What is the hundred thousands digit of 13390431?
3
What is the millions digit of 100842758?
0
What is the thousands digit of 75593382?
3
What is the tens digit of 2868574484?
8
What is the hundred thousands digit of 60772922?
7
What is the hundreds digit of 40119809?
8
What is the millions digit of 3570327878?
0
What is the millions digit of 4536149218?
6
What is the thousands digit of 96646651?
6
What is the units digit of 1282898893?
3
What is the hundred thousands digit of 2332366753?
3
What is the units digit of 159710621?
1
What is the tens digit of 351502914?
1
What is the ten thousands digit of 4225731647?
3
What is the tens digi